7
What are the prime factors of 29896?
2, 37, 101
What are the prime factors of 52400?
2, 5, 131
What are the prime factors of 4420?
2, 5, 13, 17
List the prime factors of 22966.
2, 11483
What are the prime factors of 345?
3, 5, 23
List the prime factors of 3507.
3, 7, 167
What are the prime factors of 953?
953
What are the prime factors of 16402?
2, 59, 139
What are the prime factors of 16706?
2, 8353
List the prime factors of 18702.
2, 3, 1039
List the prime factors of 418.
2, 11, 19
What are the prime factors of 1227?
3, 409
What are the prime factors of 5026?
2, 7, 359
What are the prime factors of 3327?
3, 1109
List the prime factors of 6426.
2, 3, 7, 17
What are the prime factors of 1489?
1489
What are the prime factors of 1229?
1229
What are the prime factors of 34316?
2, 23, 373
List the prime factors of 1141.
7, 163
List the prime factors of 263.
263
List the prime factors of 31242.
2, 3, 41, 127
List the prime factors of 17059.
7, 2437
List the prime factors of 10536.
2, 3, 439
List the prime factors of 7291.
23, 317
List the prime factors of 4582.
2, 29, 79
List the prime factors of 62033.
17, 41, 89
List the prime factors of 77425.
5, 19, 163
List the prime factors of 7802.
2, 47, 83
What are the prime factors of 21889?
7, 53, 59
What are the prime factors of 975?
3, 5, 13
What are the prime factors of 60334?
2, 97, 311
What are the prime factors of 160733?
67, 2399
List the prime factors of 30243.
3, 17, 593
List the prime factors of 11471.
11471
What are the prime factors of 6837?
3, 43, 53
What are the prime factors of 1733?
1733
What are the prime factors of 649?
11, 59
List the prime factors of 5385.
3, 5, 359
List the prime factors of 8254.
2, 4127
What are the prime factors of 1760?
2, 5, 11
List the prime factors of 421.
421
What are the prime factors of 10356?
2, 3, 863
What are the prime factors of 5427?
3, 67
What are the prime factors of 127742?
2, 23, 2777
List the prime factors of 14139.
3, 1571
What are the prime factors of 29416?
2, 3677
What are the prime factors of 5112?
2, 3, 71
List the prime factors of 842.
2, 421
What are the prime factors of 15543?
3, 11, 157
List the prime factors of 81418.
2, 40709
What are the prime factors of 4400?
2, 5, 11
What are the prime factors of 2986?
2, 1493
What are the prime factors of 1657?
1657
What are the prime factors of 2129?
2129
List the prime factors of 38507.
7, 5501
List the prime factors of 1644.
2, 3, 137
What are the prime factors of 69636?
2, 3, 7, 829
List the prime factors of 167.
167
What are the prime factors of 59019?
3, 103, 191
List the prime factors of 18905.
5, 19, 199
What are the prime factors of 4053?
3, 7, 193
List the prime factors of 3453.
3, 1151
List the prime factors of 970.
2, 5, 97
What are the prime factors of 143?
11, 13
What are the prime factors of 4944?
2, 3, 103
List the prime factors of 777.
3, 7, 37
List the prime factors of 6475.
5, 7, 37
List the prime factors of 27242.
2, 53, 257
What are the prime factors of 185?
5, 37
List the prime factors of 671.
11, 61
List the prime factors of 2203.
2203
List the prime factors of 8369.
8369
List the prime factors of 3458.
2, 7, 13, 19
What are the prime factors of 19052?
2, 11, 433
What are the prime factors of 987?
3, 7, 47
What are the prime factors of 2542?
2, 31, 41
List the prime factors of 28065.
3, 5, 1871
List the prime factors of 36278.
2, 11, 17, 97
List the prime factors of 514.
2, 257
List the prime factors of 5741.
5741
List the prime factors of 27017.
27017
List the prime factors of 5873.
7, 839
List the prime factors of 885.
3, 5, 59
List the prime factors of 77093.
77093
What are the prime factors of 38419?
103, 373
List the prime factors of 20459.
41, 499
What are the prime factors of 44682?
2, 3, 11, 677
List the prime factors of 991.
991
What are the prime factors of 36182?
2, 79, 229
List the prime factors of 50.
2, 5
What are the prime factors of 2875?
5, 23
What are the prime factors of 23927?
71, 337
List the prime factors of 78.
2, 3, 13
List the prime factors of 2328.
2, 3, 97
What are the prime factors of 764?
2, 191
What are the prime factors of 15525?
3, 5, 23
List the prime factors of 19675.
5, 787
What are the prime factors of 2129?
2129
What are the prime factors of 5713?
29, 197
List the prime factors of 171.
3, 19
What are the prime factors of 11949?
3, 7, 569
What are the prime factors of 56042?
2, 7, 4003
List the prime factors of 7462.
2, 7, 13, 41
List the prime factors of 782.
2, 17, 23
What are the prime factors of 89173?
7, 12739
List the prime factors of 658.
2, 7, 47
List the prime factors of 77188.
2, 23, 839
What are the prime factors of 7401?
3, 2467
What are the prime factors of 6297?
3, 2099
What are the prime factors of 10141?
10141
List the prime factors of 1234.
2, 617
What are the prime factors of 772?
2, 193
List the prime factors of 26412.
2, 3, 31, 71
What are the prime factors of 2074?
2, 17, 61
What are the prime factors of 39760?
2, 5, 7, 71
What are the prime factors of 86864?
2, 61, 89
List the prime factors of 306.
2, 3, 17
What are the prime factors of 8087?
8087
What are the prime factors of 5790?
2, 3, 5, 193
What are the prime factors of 44139?
3, 14713
What are the prime factors of 15575?
5, 7, 89
List the prime factors of 56207.
56207
List the prime factors of 1027.
13, 79
What are the prime factors of 53866?
2, 23, 1171
What are the prime factors of 15506?
2, 7753
What are the prime factors of 881?
881
List the prime factors of 9.
3
List the prime factors of 115.
5, 23
What are the prime factors of 184462?
2, 149, 619
What are the prime factors of 5313?
3, 7, 11, 23
What are the prime factors of 53505?
3, 5, 29, 41
What are the prime factors of 31094?
2, 7, 2221
List the prime factors of 1175.
5, 47
What are the prime factors of 6100?
2, 5, 61
What are the prime factors of 428?
2, 107
What are the prime factors of 26248?
2, 17, 193
List the prime factors of 13387.
11, 1217
What are the prime factors of 10416?
2, 3, 7, 31
What are the prime factors of 18438?
2, 3, 7, 439
What are the prime factors of 27825?
3, 5, 7, 53
What are the prime factors of 2481?
3, 827
What are the prime factors of 1391?
13, 107
What are the prime factors of 13861?
83, 167
What are the prime factors of 1820?
2, 5, 7, 13
List the prime factors of 33683.
13, 2591
List the prime factors of 985.
5, 197
List the prime factors of 9291.
3, 19, 163
List the prime factors of 343.
7
List the prime factors of 59210.
2, 5, 31, 191
What are the prime factors of 3721?
61
What are the prime factors of 98440?
2, 5, 23, 107
What are the prime factors of 13054?
2, 61, 107
What are the prime factors of 25999?
25999
List the prime factors of 2297.
2297
What are the prime factors of 2965?
5, 593
List the prime factors of 16019.
83, 193
What are the prime factors of 4065?
3, 5, 271
List the prime factors of 12444.
2, 3, 17, 61
What are the prime factors of 2081?
2081
What are the prime factors of 85956?
2, 3, 13, 19, 29
What are the prime factors of 36122?
2, 18061
What are the prime factors of 2655?
3, 5, 59
What are the prime factors of 527?
17, 31
What are the prime factors of 22808?
2, 2851
List the prime factors of 21055.
5, 4211
What are the prime factors of 19781?
131, 151
List the prime factors of 772.
2, 193
What are the prime factors of 15719?
11, 1429
What are the prime factors of 13385?
5, 2677
What are the prime factors of 1718?
2, 859
List the prime factors of 131816.
2, 16477
What are the prime factors of 44779?
7, 6397
What are the prime factors of 6969?
3, 23, 101
What are the prime factors of 9953?
37, 269
List the prime factors of 1608.
2, 3, 67
List the prime factors of 2361.
3, 787
What are the prime factors of 4470?
2, 3, 5, 149
What are the prime factors of 305?
5, 61
List the prime factors of 14524.
2, 3631
What are the prime factors of 10411?
29, 359
What are the prime factors of 425?
5, 17
What are the prime factors of 134763?
3, 29, 1549
What are the prime factors of 6962?
2, 59
List the prime factors of 2083.
2083
List the prime factors of 1464.
2, 3, 61
List the prime factors of 7503.
3, 41, 61
List the prime factors of 2328.
2, 3, 97
List the prime factors of 65819.
13, 61, 83
What are the prime factors of 3788?
2, 947
List the prime factor